q(r) = 19*r**2 + 13*r + 25. Let l(v) = 7*v**2 + 5*v + 9. Let y(o) = -11*l(o) + 4*q(o). Determine y(-5).
-9
Let p(t) be the second derivative of t**4/12 - 5*t**3/3 + 2*t**2 - 704*t - 4. Suppose 0 = v - 2*y - 4, -v + 6*v + 5*y = 50. Give p(v).
-12
Let k = -5528 - -5526. Let f(v) = 2*v**2 + v + 5. Determine f(k).
11
Let o be -2*6 - 0/18. Let z = o + 9. Let w(q) = -10*q + 14. Let c(s) = 11*s - 16. Let n(d) = -5*c(d) - 6*w(d). What is n(z)?
-19
Suppose 0 = -17*j + 44*j - 39 - 150. Let l(g) be the first derivative of -g**4/4 + 2*g**3 + 9*g**2/2 - 2*g - 4. Give l(j).
12
Let l(o) = 0*o**2 + 2144*o - 1070*o - 10 - o**2 - 1061*o. Determine l(15).
-40
Let s(b) = 7*b**2 + 2*b - 91. Let k be s(-4). Let q(a) = -a**2 + 5*a + 12. Give q(k).
-92
Let w = 116 + -105. Let p(y) = -y**3 + 11*y**2 + y - 8. Let c be p(w). Let k(x) = 2 - 8 + 7*x - 6*x. Give k(c).
-3
Let d(q) = 4*q + 2 + 2*q**2 - 3 + 4 + 1. Suppose 0 = k + 4*u + 2 - 29, 3*k - 3*u - 81 = 0. Suppose 0 = w + 5*b - 4*b, -5*w - k = -4*b. Determine d(w).
10
Let o(g) = 20*g - 4*g - 2 - 8*g + 12*g + 15*g. Calculate o(-1).
-37
Let c be (130/((-10)/2))/2. Let k = c + 14. Let b(u) = 6*u - k + 14*u - 26*u + 10*u. Give b(-3).
-13
Let n(j) be the first derivative of j**2/2 - 6*j - 37. Let v be (-12)/(-10) - 1275/125. What is n(v)?
-15
Let x(r) be the second derivative of 7*r**4/6 + r**3/3 - 618*r + 1. Calculate x(-2).
52
Suppose 3*h - 20*h + 459 = 0. Let l = h - 27. Let y(x) = 0*x**2 + 0*x**2 + x**2 + x + 1. Calculate y(l).
1
Let a = -7 - -12. Let l(j) = j**3 + 17*j**2 - 18*j + 6. Let q be l(-18). Let v(m) = -1 + 6*m - 1 + 217*m**3 - 216*m**3 - q*m**2. Calculate v(a).
3
Let r(n) be the third derivative of -n**8/20160 + 11*n**7/5040 + n**6/240 + 3*n**5/10 - 21*n**2. Let l(a) be the third derivative of r(a). Give l(10).
13
Let n(a) = -11*a**3 + 2*a**2 + 2*a. Let j be (-21 + 38)*(-2)/(-17). Give n(j).
-76
Let m(c) = -c**3 - c**2 - 4*c - 4. Let x(a) = -2*a**2 - 19*a + 7. Let d = 306 + -316. Let t be x(d). Determine m(t).
26
Let w(r) = -5*r - 53. Let p = -5280 - -5271. What is w(p)?
-8
Suppose 7*c + 14*u - 10*u + 18 = 0, 4*u + 32 = 0. Let l(h) be the first derivative of h - 39 - 2/3*h**3 - c*h**2. Calculate l(-4).
-15
Let u(f) = -3*f**3 - 6 + 0*f**3 + 4*f**3 + 3*f**2 - 1247352*f - f**2 + 1247357*f. Calculate u(0).
-6
Let h(y) = 4*y**2 + 24*y - 21. Let o(q) = 3*q**2 + 16*q - 14. Let f(c) = -5*h(c) + 7*o(c). Suppose -11*t + 5075 - 5009 = 0. What is f(t)?
-5
Let r = 72 - 113. Let f = -46 - r. Let b(p) = 25*p + 9*p**2 - 21*p - 8*p**2 - 4. Determine b(f).
1
Let w(c) = -c**3 + 9*c**2 + 15*c + 83. Let i(r) = -r**3 - 18*r**2 + 107*r + 1683. Let n be i(-19). Determine w(n).
6
Suppose 56 = 5*z + 16. Suppose -z*b + 14 = 6. Let l(j) = 14*j**3 + j - 1. Calculate l(b).
14
Let d(a) be the second derivative of 1 - 3*a**2 - 1/12*a**4 + 3/2*a**3 + 11*a. Give d(9).
-6
Let s(v) be the first derivative of -v**3/3 - 19*v**2 + 43*v + 2511. Calculate s(-39).
4
Let w(i) be the first derivative of -1/3*i**3 + 67 + 3/2*i**2 + 4*i. Give w(6).
-14
Let h(u) = -5*u**2 + 35 - 10 - 24 - u**3 + 15*u. Suppose -6*o + o - 35 = 0. Determine h(o).
-6
Let o = -195 + 210. Let n(a) = o*a + 16*a - 36*a + 2*a**2 - 3 - a**2. Determine n(6).
3
Suppose 1916*a - 100 = 1936*a. Let d(g) = -g + 15. Give d(a).
20
Let p(g) = -5*g + 52. Let j be p(9). Suppose -o - 4 = 2*v + j, 16 = 4*o - 4*v. Let b(m) = -2*m**2 - m - 1. What is b(o)?
-2
Let d(v) = -8*v - 31. Let t(y) = y**3 + 7*y**2 + 10*y + 9. Let n be t(-6). Let p be d(n). Let h(u) = 3 - p*u**2 + 91*u**2 - 1. What is h(-2)?
10
Let l(q) = q. Let x(b) = b**2 + 11*b + 26. Let m = -13 - 4. Let j = -24 - m. Let k be x(j). Give l(k).
-2
Let j(c) = 8*c**2 + 7 + 5*c + 2*c + 1 + c**3 + 2*c. Let f(b) = -9 - 6*b + 3*b**3 - 8*b**2 + 11*b**2 + 2 + 0. Let x be f(-2). Calculate j(x).
-6
Let g = 329 - 322. Suppose 387*d = 388*d - g. Let l(t) = -t - 7. Determine l(d).
-14
Let l(q) = 35*q - 556. Let h(k) = 15*k + 121. Let u be h(-7). Let g be l(u). Let s(w) be the first derivative of w**2/2 + 4*w - 1. Give s(g).
8
Let x(p) be the first derivative of -1/2*p**3 - 2*p**2 - 5 + 1/12*p**4 - 2*p. Let m(z) be the first derivative of x(z). Calculate m(5).
6
Let z(t) = t**2 - 6*t - 36. Let g(f) = -f**3 - 18*f**2 - 24*f - 422. Let r be g(-18). What is z(r)?
4
Let g(s) = 11*s**2 - 6*s - 1. Let u(j) = 5*j - 8*j**2 + 6*j**2 + 1 - 7*j**2. Let v(p) = 4*g(p) + 5*u(p). Give v(-2).
-5
Let v(k) = -k**2 - 11*k + 68. Suppose 18 = -l - 2*h, 4*h + 20 = -87*l + 86*l. What is v(l)?
-12
Let l(v) = -5*v + 3. Suppose 2*x + 48 = 8. Let c be x/35*(-2)/((-24)/(-42)). What is l(c)?
-7
Suppose 5*f + 45 = 5*x, -48*x = -50*x - 3*f + 28. Suppose -44 = -0*v + x*v. Let a(z) = z - 3. What is a(v)?
-7
Let t = -885 + 885. Let c(m) be the third derivative of 0 + 1/6*m**3 + 0*m**5 + 7/120*m**6 + t*m**4 + 0*m + 10*m**2. Give c(-1).
-6
Let n(k) = -k**3 + 2*k**2 + 3*k + 1. Let z = -1473 - -1477. Give n(z).
-19
Let b(f) be the second derivative of -2*f**3/3 - 25*f**2 + 3001*f - 2. Give b(-14).
6
Let g be 2 - 16/(-6)*(-15)/(-10). Let i(k) = -5*k + 3*k**2 + 3*k + g*k + 2 + 5*k**2 - 2*k**2 + k**3. Determine i(-5).
7
Let n(b) = b**3 - 6*b + 2 + 32*b**2 - 11*b**2 - 8*b**2 - 17*b**2. Let h(s) = s**2 + 9*s + 11. Let r be h(-7). Let k = r - -8. What is n(k)?
-3
Let o(p) = -33 + 27489*p + 2*p**2 - 17 - 27504*p. Calculate o(10).
0
Let l(i) = -i + 31. Let f be (-1330)/(-120) + -11 + (-428)/(-48). Calculate l(f).
22
Let o be (-17)/(12/(-8) - -1). Let x(l) = -87*l + o*l + 2 + 25*l + 29*l. What is x(12)?
14
Let c(i) = 6*i**2 - 456*i + 130. Let p(m) = m**2 - 83*m + 26. Let a(w) = -2*c(w) + 11*p(w). What is a(-6)?
-4
Let q(l) be the third derivative of -l**4/6 - 3*l**3/2 - l**2. Suppose 6*g + 1 = -89. Let b = -21 - g. Give q(b).
15
Let p(m) be the second derivative of 39*m + 5/6*m**3 + 33/2*m**2 - 1/3*m**4 + 0 + 1/60*m**5. Let k(x) be the first derivative of p(x). Give k(6).
-7
Suppose -x + 0 + 9 = 0. Let b be 2/(42/x - (3 + 1)). Let a(d) = -d**b - 3 + 5*d**2 + d - 1 + 5 + 0*d. Calculate a(5).
6
Let r be (-1 - (-111)/21) + (-8)/28. Suppose -4*s = -2*q + r, 4*q - 7 - 1 = -2*s. Let d(f) = 459 - 3*f**2 - 5*f - 466 + f**3 - q*f**2. Calculate d(6).
-1
Let c(s) be the second derivative of s**3/2 - 51*s**2/2 + 1638*s. Give c(23).
18
Suppose 6*d = 115 + 11. Let t be 98/d - 2/(-6). Let b(l) be the first derivative of l**2 - 7*l - 119. Determine b(t).
3
Let c(n) be the third derivative of n**4/24 + 6*n**3 - 2*n**2. Let o be 0*(220/572)/5. What is c(o)?
36
Let c(s) = -48*s + 29. Let o(a) = -139*a + 84. Let m(z) = -17*c(z) + 6*o(z). Determine m(-4).
83
Let j(s) = 9*s - 40. Let f(i) = -6*i + 26. Let q(b) = -7*f(b) - 5*j(b). What is q(-9)?
45
Let v(x) be the third derivative of -5*x**4/24 - 5*x**3/6 + 1293*x**2. Let r = 9 + -5. Determine v(r).
-25
Suppose 0 = -3*x + 5*t - 5, 2*x + t = 7 + 7. Suppose 0 = -4*i + 11 + x. Let h(f) = 0*f + 3*f**2 + 4 - 4*f - 3*f - i*f**2. Calculate h(-6).
10
Let q = -55 + 56. Let x(g) = 0*g + 4*g - q + 2*g - 5*g. Determine x(10).
9
Let k(c) = c**3 + 256*c**2 - 771*c + 1548. Let v be k(-259). Let p(i) be the first derivative of i**4/4 + 5*i**3/3 - 7*i**2/2 - 2. Determine p(v).
6
Let y be (1 - 22/18) + (-34880)/(-144). Let a(d) = -3 + 1 + y*d - 118*d - 125*d. Let n(r) = r**3 + 8*r**2 + 7*r - 4. Let o be n(-7). Determine a(o).
2
Let d(a) = a**2 + 30*a + 219. Let l be 1065/(-71)*(-1)/(2 + -3 + 0). What is d(l)?
-6
Let w(y) = -y**2 - y + 1. Let n(t) = 44*t**3 - 3*t**2 - 3*t + 3. Let r(s) = n(s) - 2*w(s). Suppose 2*q = 4*l - 18135 + 18111, -4*q = -5*l + 45. What is r(l)?
43
Let l = 35 - 31. Suppose 2*p + 5*u + 9 = 0, -u + 2*u + 3 = 0. Let a(r) = -p*r + 7*r**2 - 12 - 6*r**2 + 17. Give a(l).
9
Let c(h) = -3*h - 22 + 6*h - 2*h + 31*h**3 + 37*h**3 + 21. What is c(1)?
68
Let n(l) = -7*l - 54. Suppose 102*d - 343 = -117*d + 268*d. What is n(d)?
-5
Suppose c - 35 = -5*x, -9*x + 8*x + 7 = 4*c. Let u(l) = l**2 - l - 8. Determine u(x).
34
Let f(z) be the first derivative of 12 + 24*z - 3/2*z**2. Let k be f(10). Let y(j) = -j**3 - 7*j**2 - 4*j. What is y(k)?
-12
Let g = -3272 + 3208. Let t = -97 + 161. Let b = g + t. Let i(k) = -k + 21. What is i(b)?
21
Suppose -30 = 2*t + 5*p, -4*p + 46 = -5*t + 4. Let b be 1*6*((-30)/t + -4). Let n(r) = -r**3 - 5*r**2 + 4*r - 6. Calculate n(b).
6
Let s(r) = 16*r 